se
Is 5128 a factor of 2404529456?
True
Is 95407762 a multiple of 66?
False
Is 20087115 a multiple of 15?
True
Is 50486499 a multiple of 1393?
True
Does 72 divide 433343016?
True
Is 264028131 a multiple of 3?
True
Is 29 a factor of 29594065?
True
Is 93967582 a multiple of 1270?
False
Is 4598624661 a multiple of 93?
True
Does 1442 divide 71603952?
True
Is 33378578 a multiple of 106?
False
Is 168533720 a multiple of 758?
True
Is 2139274746 a multiple of 531?
True
Does 17 divide 7906933?
False
Does 10 divide 7238013?
False
Is 1320312 a multiple of 21?
True
Is 38 a factor of 167330872?
True
Is 137 a factor of 398340378?
True
Is 40 a factor of 382647160?
True
Does 441 divide 38829168?
True
Is 129 a factor of 4643686?
False
Is 48 a factor of 36693423?
False
Does 61 divide 4150729450?
False
Is 209 a factor of 25214596?
True
Is 14 a factor of 2124262742?
True
Is 5577334401 a multiple of 883?
True
Does 3132 divide 405882144?
True
Is 2828682 a multiple of 54?
True
Is 249570805 a multiple of 17?
False
Does 146 divide 14634018?
True
Is 53075860 a multiple of 249?
False
Does 257 divide 48808091?
False
Is 367295302 a multiple of 187?
True
Is 2446133344 a multiple of 1184?
True
Is 718081880 a multiple of 33?
False
Is 90455393 a multiple of 1099?
True
Does 4 divide 413491412?
True
Does 43 divide 25298491?
True
Is 75 a factor of 164939182?
False
Is 57352302 a multiple of 1784?
False
Does 25 divide 30570100?
True
Does 556 divide 359404309?
False
Is 5874234492 a multiple of 12?
True
Does 19 divide 2265359664?
True
Is 2066 a factor of 360563267?
False
Does 5094 divide 457301827?
False
Does 36 divide 1636254452?
False
Is 1084 a factor of 588555632?
True
Is 96497544 a multiple of 572?
True
Is 1921715506 a multiple of 127?
False
Is 108 a factor of 104364936?
True
Does 37 divide 43164055?
False
Is 428983229 a multiple of 33?
False
Does 10 divide 41336681?
False
Is 34 a factor of 39219298?
False
Does 2532 divide 364514208?
False
Is 271928320 a multiple of 1953?
False
Is 188613225 a multiple of 207?
True
Is 23 a factor of 30502922?
True
Is 19907121 a multiple of 39?
True
Is 6436671 a multiple of 411?
True
Is 10830105 a multiple of 81?
True
Is 3292 a factor of 297346018?
False
Is 6 a factor of 20427958?
False
Does 559 divide 124161726?
True
Does 196 divide 121330860?
True
Does 15 divide 324491565?
True
Is 2504 a factor of 122610226?
False
Is 135 a factor of 2038378905?
True
Does 1570 divide 1801045914?
False
Is 14395305 a multiple of 615?
True
Is 283 a factor of 1384621?
False
Is 9 a factor of 3374818857?
True
Is 395 a factor of 267122305?
True
Is 7 a factor of 6647060?
True
Does 528 divide 1500216436?
False
Is 91 a factor of 107236060?
False
Does 51 divide 22820817?
True
Does 132 divide 2506527101?
False
Is 10 a factor of 22623813?
False
Is 26 a factor of 90945480?
False
Is 23 a factor of 109910577?
False
Is 225 a factor of 103107825?
True
Does 154 divide 2069920109?
False
Is 27084150 a multiple of 5?
True
Is 256681840 a multiple of 8?
True
Is 43229087 a multiple of 11?
True
Is 554 a factor of 70059394?
True
Is 12 a factor of 80032647?
False
Does 1421 divide 4594042?
False
Is 23 a factor of 139455969?
True
Does 189 divide 305982?
False
Is 94 a factor of 3639210?
True
Is 67 a factor of 527986130?
True
Is 73 a factor of 293628849?
True
Does 25 divide 2870365576?
False
Does 28 divide 31502693?
False
Is 44914207 a multiple of 223?
True
Is 728 a factor of 19618139?
False
Is 11 a factor of 4979522823?
True
Is 182884176 a multiple of 278?
False
Is 503 a factor of 105658622?
False
Does 68 divide 600804246?
False
Is 693 a factor of 528898293?
True
Is 3978 a factor of 600678?
True
Does 6 divide 1949512?
False
Is 913248492 a multiple of 156?
True
Does 3024 divide 156392208?
True
Is 7975380 a multiple of 60?
True
Is 4 a factor of 852144?
True
Is 1710 a factor of 64598670?
True
Is 805338 a multiple of 6?
True
Is 129323776 a multiple of 51?
False
Is 32306909 a multiple of 12?
False
Does 6439 divide 84160106?
False
Is 24 a factor of 19123479?
False
Is 30 a factor of 2355960?
True
Is 2258186430 a multiple of 5142?
True
Is 19 a factor of 35790015?
True
Is 46 a factor of 5247792720?
False
Is 2417610065 a multiple of 3211?
True
Is 14319851 a multiple of 1226?
False
Does 58 divide 73109580?
True
Is 245 a factor of 28015860?
False
Is 2002 a factor of 948945329?
False
Does 16 divide 62907951?
False
Is 527 a factor of 36881444?
False
Is 3128991218 a multiple of 123?
False
Does 1622 divide 2155342796?
True
Does 6623 divide 2384551708?
False
Does 424 divide 2959699?
False
Is 109277688 a multiple of 104?
True
Is 2877 a factor of 1192582671?
True
Is 26702799 a multiple of 394?
False
Does 263 divide 1555310727?
True
Is 37 a factor of 12425895?
True
Is 22 a factor of 3403708?
True
Is 14 a factor of 1025450021?
False
Does 55 divide 504148315?
True
Is 7 a factor of 40342218?
True
Is 31183047 a multiple of 1673?
True
Is 42270384 a multiple of 24?
True
Is 4 a factor of 128351240?
True
Is 166 a factor of 2805720380?
True
Is 1066 a factor of 16733369?
False
Does 1875 divide 94935276?
False
Does 386 divide 45877644?
True
Is 349 a factor of 3974642358?
False
Does 818 divide 283645084?
False
Is 579238860 a multiple of 28?
False
Is 2689776 a multiple of 24?
True
Is 30 a factor of 44101350?
True
Does 17 divide 159952625?
False
Is 159 a factor of 24610656?
True
Does 37 divide 708583226?
True
Does 7 divide 296866591?
True
Does 334 divide 4950214?
True
Is 61 a factor of 17790626?
False
Is 254 a factor of 60619132?
True
Is 41656626 a multiple of 342?
True
Is 23135752 a multiple of 107?
False
Is 11 a factor of 38823882?
False
Is 2232 a factor of 2253009816?
True
Is 3477815188 a multiple of 46?
True
Is 859 a factor of 2166364499?
True
Is 154725216 a multiple of 147?
False
Does 31 divide 2738188182?
False
Does 21 divide 80652868?
False
Does 85 divide 82419686?
False
Is 243600958 a multiple of 4?
False
Is 21 a factor of 2395426207?
False
Does 2 divide 8560795?
False
Does 57 divide 274902688?
False
Is 75613366 a multiple of 763?
False
Does 16 divide 87656988?
False
Is 12 a factor of 4369703575?
False
Is 943145897 a multiple of 30?
False
Is 11389 a factor of 66602872?
True
Is 2139 a factor of 814941380?
False
Is 279028810 a multiple of 276?
False
Does 94 divide 7917432?
True
Is 13 a factor of 42667672?
False
Is 59754520 a multiple of 392?
True
Is 44 a factor of 3430645091?
False
Is 20 a factor of 733314516?
False
Is 342546820 a multiple of 3542?
True
Is 41802277 a multiple of 2160?
False
Is 1490729788 a multiple of 382?
True
Does 1923 divide 202738044?
True
Is 405 a factor of 24297254?
False
Does 490 divide 3050048265?
False
Does 789 divide 13570645?
False
Is 127482366 a multiple of 11?
True
Is 11911214 a multiple of 229?
False
Is 31879298 a multiple of 12?
False
Does 1578 divide 165443962?
False
Does 7812 divide 431066160?
True
Is 101 a factor of 28872465?
False
Does 596 divide 37933473?
False
Does 11 divide 80085621?
True
Is 4391665034 a multiple of 23?
True
Does 192 divide 3021752832?
True
Does 261 divide 3545209170?
False
Is 2931734152 a multiple of 172?
True
Is 5697468 a multiple of 7?
True
Is 9812944 a multiple of 86?
True
Is 309947894 a multiple of 14?
False
Does 1986 divide 1709647165?
False
Is 14778902 a multiple of 595?
False
Is 67 a factor of 43809449?
False
Does 248 divide 127165720?
True
Is 19 a factor of 20129950?
False
Is 168891973 a multiple of 1013?
False
Is 5462528 a multiple of 106?
False
Is 116215479 a multiple of 9?
True
Is 69 a factor of 5593159049?
False
Is 17 a factor of 186223567?
False
Is 930864 a multiple of 24?
True
Does 28 divide 3861928?
True
Is 24 a factor of 4508496?
True
Is 85047971 a multiple of 76?
False
Does 55 divide 3032002?
False
Is 1650 a factor of 1568931045?
False
Does 37 divide 138552013?
True
Is 1258 a factor of 2962304599?
False
Is 3521584604 a multiple of 100?
False
Does 103 divide 68231938?
True
Is 52493760 a multiple of 120?
True
Is 25502156 a multiple of 12?
False
Is 28938594 a multiple of 9?
False
Is 200 a factor of 97648400?
True
Is 160345788 a multiple of 437?
True
Is 79232954 a multiple of 152?
False
Does 56 divide 16510760?
True
Does 36 divide 63022356?
True
Does 14 divide 217595541?
False
Is 546327166 a multiple of 41?
False
Does 469 divide 2103310643?
False
